{"id":496,"date":"2020-08-11T17:34:35","date_gmt":"2020-08-11T17:34:35","guid":{"rendered":"https:\/\/eskimoflip.de\/?page_id=496"},"modified":"2020-08-11T17:34:36","modified_gmt":"2020-08-11T17:34:36","slug":"songtexte","status":"publish","type":"page","link":"https:\/\/eskimoflip.de\/?page_id=496","title":{"rendered":"Songtexte"},"content":{"rendered":"<!-- wp:themify-builder\/canvas \/--><!-- AddThis Advanced Settings generic via filter on the_content --><!-- AddThis Share Buttons generic via filter on the_content -->","protected":false},"excerpt":{"rendered":"<p><!-- AddThis Advanced Settings generic via filter on get_the_excerpt --><!-- AddThis Share Buttons generic via filter on get_the_excerpt --><\/p>\n","protected":false},"author":2,"featured_media":0,"parent":0,"menu_order":0,"comment_status":"closed","ping_status":"closed","template":"","meta":[],"builder_content":"<h3>Songtext<\/h3> <h3>Das erste Lied<\/h3> <p>kommt bald hier - genau hier.<\/p> <p>Zeile f\u00fcr Zeile, kurz, l\u00e4nger, ggf. noch l\u00e4nger, teilweise exorbitant lang.<\/p>\n<img loading=\"lazy\" src=\"https:\/\/eskimoflip.de\/wp-content\/uploads\/2020\/08\/Das-erste-Lied.001-1024x576-400x225.png\" width=\"400\" height=\"225\" title=\"Das erste Lied\" alt=\"Das erste Lied\" srcset=\"https:\/\/eskimoflip.de\/wp-content\/uploads\/2020\/08\/Das-erste-Lied.001-1024x576-400x225.png 400w, https:\/\/eskimoflip.de\/wp-content\/uploads\/2020\/08\/Das-erste-Lied.001-300x169.png 300w, https:\/\/eskimoflip.de\/wp-content\/uploads\/2020\/08\/Das-erste-Lied.001-1024x576.png 1024w, https:\/\/eskimoflip.de\/wp-content\/uploads\/2020\/08\/Das-erste-Lied.001-768x432.png 768w, https:\/\/eskimoflip.de\/wp-content\/uploads\/2020\/08\/Das-erste-Lied.001-1536x864.png 1536w, https:\/\/eskimoflip.de\/wp-content\/uploads\/2020\/08\/Das-erste-Lied.001.png 1920w\" sizes=\"(max-width: 400px) 100vw, 400px\" \/>","_links":{"self":[{"href":"https:\/\/eskimoflip.de\/index.php?rest_route=\/wp\/v2\/pages\/496"}],"collection":[{"href":"https:\/\/eskimoflip.de\/index.php?rest_route=\/wp\/v2\/pages"}],"about":[{"href":"https:\/\/eskimoflip.de\/index.php?rest_route=\/wp\/v2\/types\/page"}],"author":[{"embeddable":true,"href":"https:\/\/eskimoflip.de\/index.php?rest_route=\/wp\/v2\/users\/2"}],"replies":[{"embeddable":true,"href":"https:\/\/eskimoflip.de\/index.php?rest_route=%2Fwp%2Fv2%2Fcomments&post=496"}],"version-history":[{"count":11,"href":"https:\/\/eskimoflip.de\/index.php?rest_route=\/wp\/v2\/pages\/496\/revisions"}],"predecessor-version":[{"id":508,"href":"https:\/\/eskimoflip.de\/index.php?rest_route=\/wp\/v2\/pages\/496\/revisions\/508"}],"wp:attachment":[{"href":"https:\/\/eskimoflip.de\/index.php?rest_route=%2Fwp%2Fv2%2Fmedia&parent=496"}],"curies":[{"name":"wp","href":"https:\/\/api.w.org\/{rel}","templated":true}]}}